?
104
Calculate -6 + (-44 - (-23 - (-12 - -1) - -3)).
-41
What is the value of -48 + 46 - ((1 - -6) + -5 + -5 + 0)?
1
82 + (15 - (-7 + 13)) + -27
64
What is the value of 51 - 0 - (-86 + 95 - 21)?
63
Evaluate (3 - (17 + (11 - 28))) + (-21 - (1 - 2)).
-17
What is -22 - (-68 - -73 - -43)?
-70
Calculate (2 - 115) + -1663 + 1722.
-54
What is the value of -98 + (-3 - -8) + -2 - (139 + 34 + -169)?
-99
-39 + -44 + 20 + 35
-28
21 - (-17 - ((-22 - -14) + 1 + 42))
73
Evaluate (68 - (-11 + 0 - (-14 + 13) - 0)) + -10.
68
What is the value of (-12 - 0) + (-57 - -93) - 6?
18
(-1 - (-8 - 91)) + 13 + -22 + 3
92
What is (5 + 47 - (-8 - -6 - -4)) + -9?
41
(25 - 7 - (57 + (54 - 103))) + 1 + 111
122
What is 38 - (-10 - -14 - (5 - -7))?
46
What is the value of -26 - (83 + -31 + 19 + -9)?
-88
Evaluate -6 + (12 - 35 - -1) - (-11 - (0 - 15)).
-32
Evaluate 33 + (84 - 92) + (0 - 76) + 5 + 2.
-44
What is 186 + 68 + -37 + -104?
113
What is the value of 48 - (107 + -56 - -54)?
-57
71 + (8 + -37 + 23 - (-26 - 0))
91
Calculate (24 - -4) + -12 + 0 + 28.
44
What is the value of 41 + (6 - -14) + -34 + -20?
7
What is the value of (-16 - (-32 + (13 - -3)) - (5 - 4)) + 82?
81
What is the value of (-151 - -109) + (10 + 1 - (-4 - 2))?
-25
Calculate 17 + 7 + (-7 + (-5 - -6) - 5).
13
-11 + (-5 - 0 - 0) + 36 + -1 + -35
-16
Evaluate (-9 - (-52 - (-54 - -24))) + 27.
40
Evaluate -46 + 5 + -7 + 0 - (-45 + 55).
-58
Calculate -91 + 32 - (-14 + 0 + -7).
-38
Evaluate -111 + (18 - (-42 + 30)) - -9.
-72
What is the value of 12 - -1 - (1 - -60 - 17) - 12?
-43
What is (-20 - -12 - -2) + (8 - 6) + 16?
12
Calculate (-26 - 20) + (-6 - (-2 - (-6 + 10))).
-46
Calculate 0 - ((-7 + 13 + -14 - 5) + -36).
49
(-2 - 76) + (-99 - -79) + (2 - 3 - -11)
-88
-1 + -66 + -1 + 12 + (307 - 318) + -2
-69
(-65 - -66 - (0 + (26 - 2))) + -45
-68
Evaluate 25 - (66 + (15 - -8) + 29).
-93
What is 22 + 57 + -54 + (5 - 79)?
-49
-13 + 13 + (-6 + -1 - (58 - 78))
13
Calculate (-14 + 4 - -40 - -1) + (-92 - -109).
48
What is 10 - (-3 + 4 + (-10 - (-23 + 9)))?
5
-69 - 5 - (2489 + -2638)
75
Calculate 69 + (-10 + 20 + -14 - 26).
39
What is the value of -14 + (21 - 11) + (4 - (8 - 6 - 3))?
1
Calculate 4309 + -4309 - (-43 - 0).
43
Evaluate 56 + -13 + 28 + (-40 - 1).
30
What is the value of (169 - (38 + 17)) + (-5 + -3 - 3) + 2?
105
What is the value of 41 - 0 - (7 + 5 + 11 - 19)?
37
Calculate 2 - (4 + -2 + -4 + 26 + 22 + -17).
-27
Calculate -20 + 1 - (2970 + -2973).
-16
What is the value of (-22 - -9 - 10 - -52) + -18?
11
Evaluate -389 + 372 - (-34 - -1) - 66.
-50
Calculate 2 - -29 - (-18 + 24 + 76).
-51
Evaluate -6 - 51 - (35 - 42).
-50
What is the value of 13 - (-37 - (103 - 174))?
-21
Calculate -80 + (-57 - -70) + 42.
-25
Evaluate 35 + (-4 + (-4 - (-5 - 6)) - -5) + -1.
42
What is the value of -15 + 2 - (558 + -518)?
-53
Evaluate (1 + -2 - 1) + (6 + -2 - 7).
-5
Calculate 74 + (1 - 0 - 8 - (-20 - (-70 - -50))).
67
What is the value of (15 - -3) + -3 + -1059 + 1087?
43
Calculate -20 + -90 + 21 - -208.
119
What is (1 - -49) + (-5 - 13) + (3 + 8 - 5)?
38
Evaluate -4 - (66 - -2 - (-20 + (1 - (-13 + 10)))).
-88
Calculate 130 + -38 + (-34 + 46 - 11).
93
Calculate -54 - (-19 + 35) - (8 + 0 + 0 + 4).
-82
1 - (11 + (-4 - 0)) - (95 + -72)
-29
What is the value of 4 + 1 + -1 + (0 - 20 - (-1179 - -1128))?
35
Evaluate -9 + 4 + -4 + (38 - (3 + -13)).
39
What is the value of -79 - (-27 + 53 - 79)?
-26
What is the value of (-32 - ((-19 - -71) + -55 - (-6 + 1))) + -9?
-43
80 + (17 + 44 - 34) + -31
76
Evaluate -2 - 17 - (-467 - -386).
62
What is the value of -38 + (-5 + 23 - (19 - -13))?
-52
What is the value of -80 + 1 - (6 - 25 - -9)?
-69
What is the value of (5 + -1 - 9) + 2 + (-8 + 4 - -2)?
-5
What is the value of 1 + -1 + (2 - 5 - (-17 - (-41 - 3)))?
-30
What is the value of (200 - 295) + (-1 - -34)?
-62
What is -133 + (-5 - 5 - 2) + (260 - 246)?
-131
Evaluate (-10 - -12) + (-50 - -54 - (36 - (6 - 4))).
-28
-117 + 158 + (-3 - 0) + 7
45
What is 1637 + -1622 + 0 + -25?
-10
Calculate 66 - (-214 + 50 - -194).
36
Evaluate 24 + 141 + -174 - (0 - (-3 - -53)).
41
What is the value of -53 + -15 + 57 - -28?
17
Evaluate -42 - (23 + -89 + -50).
74
5 - (1 + 3 + (-61 - (-13 + 7)) - 0)
56
Evaluate 4 + -9 + 4 + (-1337 - -1280).
-58
What is 0 + 7 + -22 + 18 + 8 + -96?
-85
What is 81 - 135 - (166 + -261)?
41
Calculate -14 - (40 - (-21 - -36)).
-39
-313 + -200 + 505 - (0 - (1 - 24))
-31
Calculate (-97 - -217) + -110 + -99.
-89
Evaluate -326 - (-46 - 113) - -112.
-55
(-119 - -125) + 33 + -2 - -12
49
Evaluate (-84 - -112) + 11 + -63 + -84.
-108
What is -50 - (-6 + 0 + (158 - 160))?
-42
What is 4 + -84 + 15 + (5 - 5)?
-65
Evaluate (1642 - 1657) + (-1 - (-3 + 3)) + 79.
63
Evaluate 17 - (34 + -74 - -7) - (11 + 2).
37
Evaluate -22 + -1 + 14 + 6 + -40.
-43
What is 226 + -292 - (8 - (8 + -3))?
-69
Evaluate (-119 - -77 - -18) + 1 + 31.
8
17 - (-18 + (-23 - -30 - -6))
22
Evaluate -5 - (86 - (-43 - -104)).
-30
-6 + 42 - (-5 - -19 - 14)
36
What is the value of 14 - 13 - (-182 + 137)?
46
What is the value of 24 - ((-13 - 21) + 43) - 27?
-12
Evaluate 86 - 129 - -52 - (-2 + 2 - 31).
40
What is 23 + 1 - (-35 - 0 - (204 - 230))?
33
-1823 + 1879 + -34 + -2
20
What is the value of (1 - (20 - -14)) + 8?
-25
Evaluate 27 + -7 - (11 - (114 - -3 - 12)).
114
What is the value of 23 + -1 + (-175 - -76) + 113?
36
Calculate (0 - -50) + -3570 + 3519.
-1
What is the value of 0 + 9 + -23 + 30 - -30?
46
Evaluate (21 + 15 - 18) + 1 + (-7 - -11).
23
-10218 + 10248 + (-78 - 0)
-48
What is the value of (-5 - (2 - 3)) + 13 + 18 + -15?
12
Calculate (12 - (80 - 22 - 21)) + 11.
-14
Evaluate 199 - (14 - -74) - 176.
-65
What is the value of 9 + (3 - (-11 + 48) - (-1 - 8))?
-16
Calculate 100 + 53 + -80 + 10.
83
Evaluate (3 - -10) + (-3 + (13 - 9) - 37).
-23
Evaluate 5 - (-13 - (9 - (34 + 2 + -14)) - -6).
-1
(-6 - 0) + 7 + (1 + (2 - -20) - 117)
-93
Evaluate (467 - 454) + (-1 - (2 + -4)) - (5 + -98).
107
Calculate -3 + 9 - (4 - (9 - (13 - 15)) - -79).
-66
What is the value of 12 + 1 + -6 + 3 + -1 + (1626 - 1571)?
64
What is (-29 - -2 - -1) + 78?
52
What is 27 + 11 + -380 + 329?
-13
What is the value of (10 + 10 + -14 + 1 - -4) + 64?
75
(33 - 44 - (-8 + 0) - -2) + -41
-42
Evaluate -1 - 3 - 3 - 34 - (1 + -9 + 13).
-46
Calculate ((148 - 140) + (1 - -2) - 15) + (-2 - -91).
85
(56 + -4 + -2 - (-45 + 43)) + -10
42
What is 53 - (203 - 210 - (0 - -8))?
68
28 + -2 + (-57 - (60 - 137)) + -11
35
Calculate 23 + (-12 - (-10 + (14 - 10 - 3))).
20
(-287 - -236) + (3 - -5 - -8)
-35
-7 + -84 + (18 - (-69 - -57))
-61
Calculate 48 + (1 - 7) + 0 + 6 + -2.
46
What is 37 - -34 - 47 - 8?
16
What is -86 + (22 - (27 + -68))?
-23
Evaluate -2 - (2 - -47) - (-3336 - -3352).
-67
What is -5 + 13 + -58 + (53 - 20) + -34?
-51
Evaluate -36 - (82 - (-24 + 97)).
-45
What is the value of 19 + -7 + -76 + 1 + 5?
-58
Evaluate 15 - 162 - -107 - (14 + -1).
-53
What is the value of 90 + -84 + (-4 + -2 - ((8 - -62) + -13))?
-57
Calculate -2 + (1 + -2 - (-445 - -432)).
10
Evaluate -4522 - -4498 - (49 + 3).
-76
Calculate (-27 - -47) + 22 + -39.
3
Calculate (1 - 18 - 1) + (-2225 - -2232) + -6.
-17
Evaluate (-11 - -7) + 2 - ((-1 - 3) + (3 - -3)).
-4
(17 - (32 - -23)) + 6 + (3 - 14)
-43
What is the value of (45 - (27 + 6)) + -31 - 1?
-20
What is 13 + -25 + (29 - 25) + (-1 - 48)?
-57
Calculate 85 + -119 + 17 + 2 + -5 + 127.
107
What is the value of -21 - (-26 - (-26 + 2)) - -13?
-6
What is the value of 3 - (21 - 24 - 2)?
8
-53 + (-4 - (-10 + (7 - -3) + -11)) + -3
-49
Calculate (-4 - 4) + (0 - (-4 + -9)) - 30.
-25
What is (7 + -18 - 4) + 10 - (6 + 1 + -63)?
51
77 + (782 + -795 - (2 - -31))
31
(5 + -9 + 25 - 33) + (-1 - -82)
69
What is (739 - 690) + (-6 - 0)?
43
What is 10 - 2 - (0 + 2) - ((-246 - -194) + 90)?
-32
Evaluate (8 - 24) + -2 + (80 - -2) - -1.
65
(891 - 872) + -69 + 1
-49
What is -32 + -52 + -22 - -59?
-47
6 + 15 + -16 + 23 + -29 - -25
24
What is 20 + 32 + -75 - -27?
4
Calculate 42 + (-43 - -21) + -24.
-4
Evaluate (26 - (-9 + -19 + 43)) + 14.
25
What is 57 - 4 - 1 - 85?
-33
Calculate 8804 + -8791 + (-9 - (2 - 1 - 2)).
5
-135 + 25 - (-240 + 159)
-29
What is (11 - -2) + -30 + 17 + -10 + 2?
-8
Calculate 513 + -596 + 23 + -2.
-62
What is -6 + (89 - 15) - (1 - -17)?
50
-118 - (-203 + 225 + (-7 - (7 + -1)))
-127
Evaluate -12 + (1 - (-1 + -3)) + (-23 